{"id":15786,"date":"2026-03-16T03:04:57","date_gmt":"2026-03-16T02:04:57","guid":{"rendered":"https:\/\/oekehoogendijk.com\/blog\/?page_id=15786"},"modified":"2026-03-27T20:30:43","modified_gmt":"2026-03-27T19:30:43","slug":"de-schatten-van-de-krim","status":"publish","type":"page","link":"https:\/\/oekehoogendijk.com\/blog\/?page_id=15786","title":{"rendered":"DE SCHATTEN VAN DE KRIM"},"content":{"rendered":"<div class=\"wpb-content-wrapper\"><p>[vc_row css_animation=&#8221;&#8221; row_type=&#8221;row&#8221; use_row_as_full_screen_section=&#8221;no&#8221; type=&#8221;full_width&#8221; angled_section=&#8221;no&#8221; text_align=&#8221;left&#8221; background_image_as_pattern=&#8221;without_pattern&#8221;][vc_column width=&#8221;1\/4&#8243;][vc_empty_space height=&#8221;&#8221;][vc_single_image image=&#8221;15749&#8243; img_size=&#8221;medium&#8221; css=&#8221;&#8221; qode_css_animation=&#8221;&#8221;][vc_empty_space height=&#8221;15px&#8221;][vc_single_image image=&#8221;15804&#8243; img_size=&#8221;medium&#8221; css=&#8221;&#8221; qode_css_animation=&#8221;&#8221;][\/vc_column][vc_column width=&#8221;3\/4&#8243;][vc_video link=&#8221;https:\/\/www.youtube.com\/watch?v=Ami6XN5ZMdo&#8221; css=&#8221;&#8221;][vc_empty_space height=&#8221;24px&#8221;][vc_column_text css=&#8221;&#8221;]<\/p>\n<h2><strong>DE SCHATTEN VAN DE KRIM <\/strong><strong>(2021)<\/strong><\/h2>\n<p>[\/vc_column_text][vc_empty_space height=&#8221;20px&#8221;][vc_column_text css=&#8221;&#8221;]<span style=\"font-size: 16px;\">Een kwestie van noodlottig toeval: terwijl in het Allard Pierson Museum in Amsterdam een tentoonstelling loopt met kunstschatten uit de Krim, wordt het gebied begin 2014 geannexeerd door Rusland.<\/span><\/p>\n<p>Aan wie moeten de kunstvoorwerpen worden teruggegeven?[\/vc_column_text][vc_column_text css=&#8221;&#8221;]<\/p>\n<div>\n<p>De musea op de Krim die zo vriendelijk waren ze uit te lenen? Of Oekra\u00efne, het land waar de Krim onder viel v\u00f3\u00f3r de annexatie? Wat moet museumdirecteur Wim Hupperetz doen?<\/p>\n<\/div>\n<p>[\/vc_column_text][vc_empty_space height=&#8221;10px&#8221;][vc_column_text css=&#8221;&#8221;]Laat het maar aan documentaire-veteraan Oeke Hoogendijk over om zo\u2019n onontwarbaar probleem spannend te verfilmen en de menselijke maat te vinden in een potje gerechtelijk touwtrekken. Politieke, emotionele, persoonlijke en cultureel-historische belangen lopen kriskras door elkaar heen. Ze laat juridisch redenerende advocaten hun verhaal doen en reist langs ge\u00ebmotioneerde museumdirecteuren met gaten in hun collectie.[\/vc_column_text][vc_empty_space height=&#8221;10px&#8221;][vc_column_text css=&#8221;&#8221;]Terwijl archeologen op de Krim doorgaan met hun historisch baanbrekende werk, lijkt het of hun eerdere vondsten in Nederland juist opnieuw begraven zijn.<\/p>\n<p>Afgesloten voor de wereld in een depot zijn zij misschien wel de grootste verliezers in het conflict.[\/vc_column_text][vc_separator type=&#8221;normal&#8221; up=&#8221;15&#8243; down=&#8221;15&#8243;][vc_empty_space][vc_column_text css=&#8221;&#8221;]\n<table id=\"tablepress-4\" class=\"tablepress tablepress-id-4\">\n<thead>\n<tr class=\"row-1\">\n\t<th class=\"column-1\">Originele Titel<\/th><td class=\"column-2\"><\/td><th class=\"column-3\">De Schatten van de Krim<\/th>\n<\/tr>\n<\/thead>\n<tbody class=\"row-striping row-hover\">\n<tr class=\"row-2\">\n\t<td class=\"column-1\">Duur:<\/td><td class=\"column-2\"><\/td><td class=\"column-3\">84 min \/ TV versie 56 min.<\/td>\n<\/tr>\n<tr class=\"row-3\">\n\t<td class=\"column-1\">Scenario &amp; Regie:<\/td><td class=\"column-2\"><\/td><td class=\"column-3\">Oeke Hoogendijk<\/td>\n<\/tr>\n<tr class=\"row-4\">\n\t<td class=\"column-1\">Montage:<\/td><td class=\"column-2\"><\/td><td class=\"column-3\">Gys Zevenbergen<\/td>\n<\/tr>\n<tr class=\"row-5\">\n\t<td class=\"column-1\">Cinematografie:<\/td><td class=\"column-2\"><\/td><td class=\"column-3\">Sander Snoep (NSC), Gregeor Meerman (NSC)<\/td>\n<\/tr>\n<tr class=\"row-6\">\n\t<td class=\"column-1\">Geluid:<\/td><td class=\"column-2\"><\/td><td class=\"column-3\">Mark Wessner<\/td>\n<\/tr>\n<tr class=\"row-7\">\n\t<td class=\"column-1\">Sound Design:<\/td><td class=\"column-2\"><\/td><td class=\"column-3\">Marc Lizier<\/td>\n<\/tr>\n<tr class=\"row-8\">\n\t<td class=\"column-1\">Muziek:<\/td><td class=\"column-2\"><\/td><td class=\"column-3\">Alex Simu<\/td>\n<\/tr>\n<tr class=\"row-9\">\n\t<td class=\"column-1\">Uitvoerend Producent:<\/td><td class=\"column-2\"><\/td><td class=\"column-3\">Judith Vreriks, Elize Kerseboom<\/td>\n<\/tr>\n<tr class=\"row-10\">\n\t<td class=\"column-1\">Producent:<\/td><td class=\"column-2\"><\/td><td class=\"column-3\">Zeppers Film - Frank van den Engel<\/td>\n<\/tr>\n<tr class=\"row-11\">\n\t<td class=\"column-1\">Omroep:<\/td><td class=\"column-2\"><\/td><td class=\"column-3\">NTR<\/td>\n<\/tr>\n<tr class=\"row-12\">\n\t<td class=\"column-1\">Nederlandse Distributie<\/td><td class=\"column-2\"><\/td><td class=\"column-3\">Mokum Film<\/td>\n<\/tr>\n<\/tbody>\n<\/table>\n<!-- #tablepress-4 from cache -->[\/vc_column_text][vc_empty_space][\/vc_column][vc_column][vc_empty_space][\/vc_column][\/vc_row]<\/p>\n<\/div>","protected":false},"excerpt":{"rendered":"<p>[vc_row css_animation=&#8221;&#8221; row_type=&#8221;row&#8221; use_row_as_full_screen_section=&#8221;no&#8221; type=&#8221;full_width&#8221; angled_section=&#8221;no&#8221; text_align=&#8221;left&#8221; background_image_as_pattern=&#8221;without_pattern&#8221;][vc_column width=&#8221;1\/4&#8243;][vc_empty_space height=&#8221;&#8221;][vc_single_image image=&#8221;15749&#8243; img_size=&#8221;medium&#8221; css=&#8221;&#8221; qode_css_animation=&#8221;&#8221;][vc_empty_space height=&#8221;15px&#8221;][vc_single_image image=&#8221;15804&#8243; img_size=&#8221;medium&#8221; css=&#8221;&#8221; qode_css_animation=&#8221;&#8221;][\/vc_column][vc_column width=&#8221;3\/4&#8243;][vc_video link=&#8221;https:\/\/www.youtube.com\/watch?v=Ami6XN5ZMdo&#8221; css=&#8221;&#8221;][vc_empty_space height=&#8221;24px&#8221;][vc_column_text css=&#8221;&#8221;] DE SCHATTEN VAN DE KRIM (2021) [\/vc_column_text][vc_empty_space height=&#8221;20px&#8221;][vc_column_text css=&#8221;&#8221;]Een kwestie van noodlottig toeval: terwijl in het Allard Pierson Museum in Amsterdam een tentoonstelling loopt met kunstschatten uit de Krim, wordt het gebied begin 2014 geannexeerd door Rusland. Aan wie moeten de kunstvoorwerpen worden teruggegeven?[\/vc_column_text][vc_column_text css=&#8221;&#8221;] De musea op de Krim die zo vriendelijk waren ze uit te lenen? Of Oekra\u00efne, het land waar de Krim onder viel v\u00f3\u00f3r de annexatie? Wat moet museumdirecteur Wim Hupperetz doen? [\/vc_column_text][vc_empty_space height=&#8221;10px&#8221;][vc_column_text css=&#8221;&#8221;]Laat het maar aan documentaire-veteraan Oeke Hoogendijk over om zo\u2019n onontwarbaar probleem spannend te verfilmen en de menselijke maat te vinden in een potje gerechtelijk touwtrekken. Politieke, emotionele, persoonlijke en cultureel-historische belangen lopen kriskras door elkaar heen. Ze laat juridisch redenerende advocaten hun verhaal doen en reist langs ge\u00ebmotioneerde museumdirecteuren met gaten in hun collectie.[\/vc_column_text][vc_empty_space height=&#8221;10px&#8221;][vc_column_text css=&#8221;&#8221;]Terwijl archeologen op de Krim doorgaan met hun historisch baanbrekende werk, lijkt het of hun eerdere vondsten in Nederland juist opnieuw begraven zijn. Afgesloten voor de wereld in een depot zijn zij misschien wel de grootste verliezers in het conflict.[\/vc_column_text][vc_separator type=&#8221;normal&#8221; up=&#8221;15&#8243; down=&#8221;15&#8243;][vc_empty_space][vc_column_text css=&#8221;&#8221;][\/vc_column_text][vc_empty_space][\/vc_column][vc_column][vc_empty_space][\/vc_column][\/vc_row]<\/p>\n","protected":false},"author":1,"featured_media":0,"parent":0,"menu_order":0,"comment_status":"open","ping_status":"open","template":"","meta":{"footnotes":""},"class_list":["post-15786","page","type-page","status-publish","hentry"],"_links":{"self":[{"href":"https:\/\/oekehoogendijk.com\/blog\/index.php?rest_route=\/wp\/v2\/pages\/15786","targetHints":{"allow":["GET"]}}],"collection":[{"href":"https:\/\/oekehoogendijk.com\/blog\/index.php?rest_route=\/wp\/v2\/pages"}],"about":[{"href":"https:\/\/oekehoogendijk.com\/blog\/index.php?rest_route=\/wp\/v2\/types\/page"}],"author":[{"embeddable":true,"href":"https:\/\/oekehoogendijk.com\/blog\/index.php?rest_route=\/wp\/v2\/users\/1"}],"replies":[{"embeddable":true,"href":"https:\/\/oekehoogendijk.com\/blog\/index.php?rest_route=%2Fwp%2Fv2%2Fcomments&post=15786"}],"version-history":[{"count":10,"href":"https:\/\/oekehoogendijk.com\/blog\/index.php?rest_route=\/wp\/v2\/pages\/15786\/revisions"}],"predecessor-version":[{"id":15813,"href":"https:\/\/oekehoogendijk.com\/blog\/index.php?rest_route=\/wp\/v2\/pages\/15786\/revisions\/15813"}],"wp:attachment":[{"href":"https:\/\/oekehoogendijk.com\/blog\/index.php?rest_route=%2Fwp%2Fv2%2Fmedia&parent=15786"}],"curies":[{"name":"wp","href":"https:\/\/api.w.org\/{rel}","templated":true}]}}

<div class="wpb-content-wrapper"><p>[vc_row css_animation=&#8221;&#8221; row_type=&#8221;row&#8221; use_row_as_full_screen_section=&#8221;no&#8221; type=&#8221;full_width&#8221; angled_section=&#8221;no&#8221; text_align=&#8221;left&#8221; background_image_as_pattern=&#8221;without_pattern&#8221;][vc_column width=&#8221;1/4&#8243;][vc_empty_space height=&#8221;&#8221;][vc_single_image image=&#8221;15749&#8243; img_size=&#8221;medium&#8221; css=&#8221;&#8221; qode_css_animation=&#8221;&#8221;][vc_empty_space height=&#8221;15px&#8221;][vc_single_image image=&#8221;15804&#8243; img_size=&#8221;medium&#8221; css=&#8221;&#8221; qode_css_animation=&#8221;&#8221;][/vc_column][vc_column width=&#8221;3/4&#8243;][vc_video link=&#8221;https://www.youtube.com/watch?v=Ami6XN5ZMdo&#8221; css=&#8221;&#8221;][vc_empty_space height=&#8221;24px&#8221;][vc_column_text css=&#8221;&#8221;]</p>
<h2><strong>DE SCHATTEN VAN DE KRIM </strong><strong>(2021)</strong></h2>
<p>[/vc_column_text][vc_empty_space height=&#8221;20px&#8221;][vc_column_text css=&#8221;&#8221;]<span style="font-size: 16px;">Een kwestie van noodlottig toeval: terwijl in het Allard Pierson Museum in Amsterdam een tentoonstelling loopt met kunstschatten uit de Krim, wordt het gebied begin 2014 geannexeerd door Rusland.</span></p>
<p>Aan wie moeten de kunstvoorwerpen worden teruggegeven?[/vc_column_text][vc_column_text css=&#8221;&#8221;]</p>
<div>
<p>De musea op de Krim die zo vriendelijk waren ze uit te lenen? Of Oekraïne, het land waar de Krim onder viel vóór de annexatie? Wat moet museumdirecteur Wim Hupperetz doen?</p>
</div>
<p>[/vc_column_text][vc_empty_space height=&#8221;10px&#8221;][vc_column_text css=&#8221;&#8221;]Laat het maar aan documentaire-veteraan Oeke Hoogendijk over om zo’n onontwarbaar probleem spannend te verfilmen en de menselijke maat te vinden in een potje gerechtelijk touwtrekken. Politieke, emotionele, persoonlijke en cultureel-historische belangen lopen kriskras door elkaar heen. Ze laat juridisch redenerende advocaten hun verhaal doen en reist langs geëmotioneerde museumdirecteuren met gaten in hun collectie.[/vc_column_text][vc_empty_space height=&#8221;10px&#8221;][vc_column_text css=&#8221;&#8221;]Terwijl archeologen op de Krim doorgaan met hun historisch baanbrekende werk, lijkt het of hun eerdere vondsten in Nederland juist opnieuw begraven zijn.</p>
<p>Afgesloten voor de wereld in een depot zijn zij misschien wel de grootste verliezers in het conflict.[/vc_column_text][vc_separator type=&#8221;normal&#8221; up=&#8221;15&#8243; down=&#8221;15&#8243;][vc_empty_space][vc_column_text css=&#8221;&#8221;]
<table id="tablepress-4" class="tablepress tablepress-id-4">
<thead>
<tr class="row-1">
	<th class="column-1">Originele Titel</th><td class="column-2"></td><th class="column-3">De Schatten van de Krim</th>
</tr>
</thead>
<tbody class="row-striping row-hover">
<tr class="row-2">
	<td class="column-1">Duur:</td><td class="column-2"></td><td class="column-3">84 min / TV versie 56 min.</td>
</tr>
<tr class="row-3">
	<td class="column-1">Scenario &amp; Regie:</td><td class="column-2"></td><td class="column-3">Oeke Hoogendijk</td>
</tr>
<tr class="row-4">
	<td class="column-1">Montage:</td><td class="column-2"></td><td class="column-3">Gys Zevenbergen</td>
</tr>
<tr class="row-5">
	<td class="column-1">Cinematografie:</td><td class="column-2"></td><td class="column-3">Sander Snoep (NSC), Gregeor Meerman (NSC)</td>
</tr>
<tr class="row-6">
	<td class="column-1">Geluid:</td><td class="column-2"></td><td class="column-3">Mark Wessner</td>
</tr>
<tr class="row-7">
	<td class="column-1">Sound Design:</td><td class="column-2"></td><td class="column-3">Marc Lizier</td>
</tr>
<tr class="row-8">
	<td class="column-1">Muziek:</td><td class="column-2"></td><td class="column-3">Alex Simu</td>
</tr>
<tr class="row-9">
	<td class="column-1">Uitvoerend Producent:</td><td class="column-2"></td><td class="column-3">Judith Vreriks, Elize Kerseboom</td>
</tr>
<tr class="row-10">
	<td class="column-1">Producent:</td><td class="column-2"></td><td class="column-3">Zeppers Film - Frank van den Engel</td>
</tr>
<tr class="row-11">
	<td class="column-1">Omroep:</td><td class="column-2"></td><td class="column-3">NTR</td>
</tr>
<tr class="row-12">
	<td class="column-1">Nederlandse Distributie</td><td class="column-2"></td><td class="column-3">Mokum Film</td>
</tr>
</tbody>
</table>
<!-- #tablepress-4 from cache -->[/vc_column_text][vc_empty_space][/vc_column][vc_column][vc_empty_space][/vc_column][/vc_row]</p>
</div>

<p>[vc_row css_animation=&#8221;&#8221; row_type=&#8221;row&#8221; use_row_as_full_screen_section=&#8221;no&#8221; type=&#8221;full_width&#8221; angled_section=&#8221;no&#8221; text_align=&#8221;left&#8221; background_image_as_pattern=&#8221;without_pattern&#8221;][vc_column width=&#8221;1/4&#8243;][vc_empty_space height=&#8221;&#8221;][vc_single_image image=&#8221;15749&#8243; img_size=&#8221;medium&#8221; css=&#8221;&#8221; qode_css_animation=&#8221;&#8221;][vc_empty_space height=&#8221;15px&#8221;][vc_single_image image=&#8221;15804&#8243; img_size=&#8221;medium&#8221; css=&#8221;&#8221; qode_css_animation=&#8221;&#8221;][/vc_column][vc_column width=&#8221;3/4&#8243;][vc_video link=&#8221;https://www.youtube.com/watch?v=Ami6XN5ZMdo&#8221; css=&#8221;&#8221;][vc_empty_space height=&#8221;24px&#8221;][vc_column_text css=&#8221;&#8221;] DE SCHATTEN VAN DE KRIM (2021) [/vc_column_text][vc_empty_space height=&#8221;20px&#8221;][vc_column_text css=&#8221;&#8221;]Een kwestie van noodlottig toeval: terwijl in het Allard Pierson Museum in Amsterdam een tentoonstelling loopt met kunstschatten uit de Krim, wordt het gebied begin 2014 geannexeerd door Rusland. Aan wie moeten de kunstvoorwerpen worden teruggegeven?[/vc_column_text][vc_column_text css=&#8221;&#8221;] De musea op de Krim die zo vriendelijk waren ze uit te lenen? Of Oekraïne, het land waar de Krim onder viel vóór de annexatie? Wat moet museumdirecteur Wim Hupperetz doen? [/vc_column_text][vc_empty_space height=&#8221;10px&#8221;][vc_column_text css=&#8221;&#8221;]Laat het maar aan documentaire-veteraan Oeke Hoogendijk over om zo’n onontwarbaar probleem spannend te verfilmen en de menselijke maat te vinden in een potje gerechtelijk touwtrekken. Politieke, emotionele, persoonlijke en cultureel-historische belangen lopen kriskras door elkaar heen. Ze laat juridisch redenerende advocaten hun verhaal doen en reist langs geëmotioneerde museumdirecteuren met gaten in hun collectie.[/vc_column_text][vc_empty_space height=&#8221;10px&#8221;][vc_column_text css=&#8221;&#8221;]Terwijl archeologen op de Krim doorgaan met hun historisch baanbrekende werk, lijkt het of hun eerdere vondsten in Nederland juist opnieuw begraven zijn. Afgesloten voor de wereld in een depot zijn zij misschien wel de grootste verliezers in het conflict.[/vc_column_text][vc_separator type=&#8221;normal&#8221; up=&#8221;15&#8243; down=&#8221;15&#8243;][vc_empty_space][vc_column_text css=&#8221;&#8221;][/vc_column_text][vc_empty_space][/vc_column][vc_column][vc_empty_space][/vc_column][/vc_row]</p>
